alculate the highest common divisor of 52 and x.
52
Suppose 203*d - 1498 = 12306. Calculate the greatest common factor of 1309 and d.
17
Suppose 3*u + 38*u - 2460 = 0. Let s be -36*(-3 - (-10)/4). Suppose 0*k + 5*c = k - 20, k - s = 3*c. Calculate the highest common factor of k and u.
15
Let a = -23 + 25. Let b be a + 4641/18 + (-1)/(-6). Suppose -5*t + b = 8*t. Calculate the greatest common divisor of 80 and t.
20
Let n(x) = 124*x - 1. Let i be n(1). Let h = -88 + i. Suppose -3*p + 5*p - 770 = 0. Calculate the highest common factor of p and h.
35
Let p = 11633 - 8617. Calculate the greatest common divisor of p and 580.
116
Suppose 7 - 1 = 2*m. Let k(r) = -3 + 3*r**2 + 0 + 2*r + 4*r - m*r. Let o be k(4). Calculate the highest common factor of 38 and o.
19
Let f(u) = 25*u**2 + 436*u + 43. Let m be f(-19). Calculate the highest common divisor of m and 32.
16
Let w = 14 - 23. Let k = 10 + w. Let d be ((198/30)/11)/((-1)/(-10)). What is the highest common divisor of k and d?
1
Let p be (25 + -185 - (-10)/((-2)/1))*-22. Calculate the highest common factor of 90 and p.
30
Let d = 13172 - 7713. Calculate the highest common factor of d and 159.
53
Suppose -29*y + 32*y - i = 5525, 4*y - 7335 = -5*i. What is the highest common factor of 380 and y?
20
Let k(h) = 3*h**3 + 0*h**3 - 2*h**3 - 3431*h**2 - 2 + 18*h + 3440*h**2. Let f be k(-5). What is the greatest common divisor of f and 136?
8
Let x(p) = 0*p**2 + 7*p - 1 + 3*p**2 - 4*p. Let a be x(-4). Let o be 41814/598 + (-2)/(-26). What is the highest common divisor of o and a?
35
Let u = 1183 - 733. Calculate the highest common divisor of u and 200.
50
Let i = 5705 - 2455. Calculate the highest common divisor of 26 and i.
26
Let o be (0 - -126) + -1*2. Suppose 5*r + 5*x = 915, x - 337 + 1270 = 5*r. Calculate the greatest common divisor of o and r.
62
Let v(r) = r - 13. Let n be v(8). Let u = n - -8. Suppose -4*o - 18 = -2*p, -17*p - 5*o + 126 = -15*p. Calculate the greatest common divisor of u and p.
3
Suppose -4*a = -27*a + 368. Let j(b) = b**2 - b + 24. Let u be j(-7). What is the greatest common divisor of a and u?
16
Let w(b) = -82*b - 3588. Let l be w(-59). Calculate the greatest common divisor of 1600 and l.
50
Let n = -1 - -9. Let c(h) = h - 2. Let l be c(n). Let q be (-831)/(-21) - l/(-14). Calculate the greatest common factor of q and 20.
20
Let h = 9 - 9. Suppose -2*g + 8 + 14 = h. Suppose 0 = -2*x, -m + g = 3*x - 19. Calculate the highest common factor of 45 and m.
15
Suppose -8 = o - 3*t - 2, 2*o + 3*t + 21 = 0. Let p(q) = q - 9. Let w be p(o). Let x = w + 24. What is the greatest common divisor of x and 6?
6
Suppose 21*s = 20*s + 29. Suppose -12 = 25*u - s*u. Suppose -5*p + 3 = -2. Calculate the highest common divisor of p and u.
1
Suppose -3*k + 3*w = -285, -3*k + 2*w = -3*w - 295. Let g = -309 - -327. Calculate the highest common divisor of k and g.
18
Suppose 15*j - 5*j - 60 = 0. Let n(v) be the first derivative of v**3 - 3*v**2 - 18*v + 15. Let x be n(j). What is the greatest common factor of x and 6?
6
Let i = 268 + -231. Suppose -33*s = -i*s + 36. Calculate the greatest common factor of s and 9.
9
Let o = -204 + 102. Let f = 885 - 772. Let z = o + f. What is the highest common factor of 44 and z?
11
Let p be (28 - 34)/((-2)/1). Suppose 0*g - v = g - 5, v + 35 = p*g. Calculate the greatest common factor of g and 30.
10
Let c be 3/(-5) - (-459192)/570. What is the greatest common divisor of 105 and c?
35
Let i = -43 + 73. Suppose -48 = 2*q - w, -20 = 2*q + 5*w + 4. Let f = q + i. Calculate the greatest common factor of f and 8.
8
Suppose -4*w + 2*h = -15102, -w + 106*h - 105*h + 3778 = 0. What is the highest common factor of w and 22?
11
Suppose -w = 3*c - 294, 0 = -6*w + 10*w - c - 1150. Let n = -176 + w. What is the greatest common factor of n and 42?
14
Let c = 15 - 8. Let x(b) = b**2 + 22*b - 446. Let v be x(17). What is the highest common divisor of v and c?
7
Let s be (-21)/((-8)/(8/3) + 2). Let v be (-506)/(-3) - 16/24. Calculate the greatest common factor of s and v.
21
Suppose 2*d + 256 = 4*a, 5*a - 2*d - 334 = -3*d. Let w = -11921 - -12086. Calculate the greatest common factor of w and a.
33
Let a(l) be the third derivative of -l**5/15 - 173*l**4/24 + 9*l**3 - l**2 - 5*l. Let s be a(-43). Calculate the highest common divisor of 1 and s.
1
Let g = -35 + 49. Suppose 13 = -4*y - 3*w, 0*y + 2*w + g = -4*y. Let t = y - -27. What is the highest common divisor of 207 and t?
23
Let z be 1/(-2)*-4*30. Let h = -1091 + 2077. Suppose h = -3*r + 1058. What is the greatest common factor of z and r?
12
Let g(i) = -4*i**2 + i + 7. Let j be g(-3). Let l be (-6)/30 - j/10. Suppose -31 = -l*s - 1. What is the highest common divisor of 90 and s?
10
Suppose -99*x + 46632 = 35*x. What is the greatest common factor of x and 14964?
348
Let m(l) = -7*l - 1. Let z be m(-1). Suppose 0 = -z*f - 0 - 0. Let o be 1*(1 + 153 + f). What is the highest common divisor of o and 14?
14
Suppose -3*a + 31 - 19 = 0. Let l be (a - (-130)/(-25))/((-2)/5). Let f be (-2)/12*l*-40. Calculate the highest common factor of f and 50.
10
Let j = 5292 + 2408. Calculate the greatest common divisor of 20 and j.
20
Suppose 7*t - 26 = 23. Let i be (-3 - (-161)/49) + (-44)/t. Let c be (i + 5)*(2 - -32)*-1. Calculate the greatest common factor of 17 and c.
17
Let v = -12563 - -12583. Suppose -2*g = -d - 0*g + 14, -d + g = -9. Suppose 6 = d*x - 74. What is the highest common factor of x and v?
20
Suppose 3432 = -432*k + 454*k. Calculate the highest common factor of k and 351.
39
Let m be (0 - 72)*(14 + -14 + -1). Suppose -2*z = -5*z + 18. Let a = z - -2. What is the greatest common factor of a and m?
8
Suppose -65*b = 85*b - 133*b - 119. Let z = 2 + -1. What is the greatest common divisor of z and b?
1
Let f = -2835 + 3282. Calculate the greatest common factor of 18 and f.
3
Let n(y) = -8*y + 5. Let d be n(4). Let o be ((-36)/d)/(8/18). Let k be (0 - -3)*31/o. Calculate the highest common divisor of 341 and k.
31
Let p be (-4 + 5)*(-2)/(-2). Suppose -4*v - p = f, -2*f = 3*v - 6 + 3. Let z = 8 + -5. What is the highest common divisor of z and f?
3
Suppose 5*b = 3*g + 86, 105 = -4*g + 97. Calculate the greatest common divisor of b and 56.
8
Let u(f) = f**3 - 20*f**2 + 10*f + 6. Let t be u(20). Suppose z - 80 = t. What is the highest common divisor of z and 22?
22
Let h(z) = z**3 + 3*z**2 - 29. Let l be h(5). What is the greatest common factor of l and 57?
57
Suppose 0 = a + 4*a - 10. Suppose a*o + 2 = 3*g, g = 4*o - 4*g. Suppose 4*n - 44 = 5*y, 2*n - n - 26 = o*y. What is the highest common factor of n and 12?
6
Suppose -23*q = -6274 - 42785. Calculate the greatest common divisor of q and 27.
27
Let n(q) = q**2 + 8*q + 14. Let d be n(-4). Let s be (13/39)/(d/(-96)). Calculate the greatest common divisor of 24 and s.
8
Let u = 3762 + -3498. Let l be (-22)/12*-3*6. What is the highest common divisor of l and u?
33
Let v = 4348 - 2409. What is the highest common factor of 7 and v?
7
Let n(m) = 21*m - 39. Let k(x) = 2*x + 77. Let s be k(-36). Let o be n(s). What is the greatest common divisor of o and 30?
6
Let v be (4 - 7 - (1 - 33))*88. Suppose 12*w - 1252 = v. Suppose 4*k = -p + 259, -4*k - p = -9*k + w. Calculate the greatest common factor of k and 8.
8
Suppose -4*j = 11 - 3, -p + 3*j = -10. Suppose 0 = p*x - 5 - 15, 2*x - 230 = 5*c. Let r = c + 80. What is the greatest common factor of r and 48?
12
Suppose d + i + 0 = 28, -5*i + 80 = 3*d. Calculate the highest common factor of 438 and d.
6
Suppose u = -41*x + 44*x - 23369, -15596 = -2*x + 4*u. What is the greatest common factor of x and 36?
12
Let b be 1 - 0 - (-4)/(-1 + -3). Suppose 4*z + d - 535 = b, 350 - 80 = 2*z - 2*d. What is the highest common factor of 335 and z?
67
Let a(y) = y**3 - y**2 - 2*y - 16. Let c be a(3). Let g be -4 + (34/c - 1)*-10. What is the greatest common factor of 65 and g?
13
Suppose 42*g + 67 = -59. Let b be 33 + -1 + (7 - 16)/g. What is the highest common factor of b and 56?
7
Let l = 470 + -91. Suppose 5*d + 645 = 5*b, -6*b - l = -9*b + d. Suppose 5*r - 2*h - 131 = 0, h = -2*r - 0*h + 47. What is the highest common factor of r and b?
25
Let n(m) = -m**3 - 9*m**2 - 20*m - 85. Let r be n(-10). What is the greatest common divisor of 5 and r?
5
Suppose 121